the tens digit of 776494032?
3
What is the millions digit of 31859598?
1
What is the ten thousands digit of 2678668005?
6
What is the units digit of 695924?
4
What is the thousands digit of 684123863?
3
What is the units digit of 43588329?
9
What is the hundred thousands digit of 8896449457?
4
What is the hundred millions digit of 5873793462?
8
What is the thousands digit of 40194554?
4
What is the ten millions digit of 67527747?
6
What is the units digit of 35831706?
6
What is the thousands digit of 16048692?
8
What is the ten millions digit of 675780332?
7
What is the ten millions digit of 60525748?
6
What is the thousands digit of 4771118605?
8
What is the hundreds digit of 149299446?
4
What is the thousands digit of 2976190111?
0
What is the ten millions digit of 5742520572?
4
What is the billions digit of 5343535298?
5
What is the hundred thousands digit of 1094745506?
7
What is the units digit of 1142466530?
0
What is the thousands digit of 273717106?
7
What is the hundred thousands digit of 489456313?
4
What is the units digit of 7617728?
8
What is the ten thousands digit of 85477501?
7
What is the thousands digit of 75891136?
1
What is the hundred millions digit of 1979925948?
9
What is the thousands digit of 449635787?
5
What is the tens digit of 40081262?
6
What is the ten thousands digit of 3511372037?
7
What is the hundred millions digit of 407117590?
4
What is the tens digit of 51230548?
4
What is the hundred thousands digit of 937314794?
3
What is the ten thousands digit of 361556389?
5
What is the hundreds digit of 87692410?
4
What is the units digit of 618974357?
7
What is the ten thousands digit of 887531126?
3
What is the hundred thousands digit of 2615562033?
5
What is the ten millions digit of 935554522?
3
What is the millions digit of 623253032?
3
What is the hundred thousands digit of 350496628?
4
What is the ten millions digit of 255137665?
5
What is the hundred millions digit of 407146915?
4
What is the hundred thousands digit of 218551096?
5
What is the hundred thousands digit of 171065885?
0
What is the thousands digit of 53811341?
1
What is the tens digit of 564157?
5
What is the ten millions digit of 549902379?
4
What is the thousands digit of 4712057337?
7
What is the ten thousands digit of 195135719?
3
What is the billions digit of 7738329306?
7
What is the ten millions digit of 105828346?
0
What is the tens digit of 409532340?
4
What is the millions digit of 239834533?
9
What is the hundred thousands digit of 197729784?
7
What is the hundred millions digit of 1349547485?
3
What is the units digit of 193951935?
5
What is the thousands digit of 476661848?
1
What is the hundred millions digit of 2824015366?
8
What is the hundreds digit of 541433316?
3
What is the ten millions digit of 118303719?
1
What is the millions digit of 284610038?
4
What is the hundred thousands digit of 357033509?
0
What is the billions digit of 2384904055?
2
What is the ten thousands digit of 1045409058?
0
What is the hundred millions digit of 422194546?
4
What is the hundred thousands digit of 6447341908?
3
What is the tens digit of 3948875856?
5
What is the ten millions digit of 167333019?
6
What is the hundreds digit of 1215445212?
2
What is the millions digit of 1975925159?
5
What is the thousands digit of 248003106?
3
What is the units digit of 217553851?
1
What is the hundred thousands digit of 1542580253?
5
What is the units digit of 100225381?
1
What is the ten millions digit of 881182946?
8
What is the hundreds digit of 489373006?
0
What is the units digit of 94372937?
7
What is the millions digit of 43924772?
3
What is the ten thousands digit of 101229939?
2
What is the thousands digit of 92328112?
8
What is the ten thousands digit of 289595803?
9
What is the hundred thousands digit of 66964723?
9
What is the units digit of 4367471116?
6
What is the ten millions digit of 318238493?
1
What is the hundreds digit of 301151856?
8
What is the tens digit of 43865711?
1
What is the tens digit of 122351263?
6
What is the hundreds digit of 38210854?
8
What is the millions digit of 89300953?
9
What is the millions digit of 3277651842?
7
What is the millions digit of 198968988?
8
What is the hundred millions digit of 1375783554?
3
What is the tens digit of 68708309?
0
What is the units digit of 5741454638?
8
What is the hundred millions digit of 3318167186?
3
What is the units digit of 4902189735?
5
What is the hundreds digit of 858032660?
6
What is the units digit of 8921586022?
2
What is the thousands digit of 714785105?
5
What is the ten millions digit of 410941773?
1
What is the hundreds digit of 712580735?
7
What is the ten millions digit of 421353553?
2
What is the thousands digit of 366254235?
4
What is the millions digit of 2633279528?
3
What is the hundreds digit of 87019316?
3
What is the ten millions digit of 86912891?
8
What is the hundreds digit of 2217955?
9
What is the ten millions digit of 516118165?
1
What is the tens digit of 2525031528?
2
What is the units digit of 115702731?
1
What is the thousands digit of 1580927025?
7
What is the thousands digit of 1534802564?
2
What is the units digit of 268087013?
3
What is the units digit of 18702499?
9
What is the thousands digit of 3492224794?
4
What is the thousands digit of 33405551?
5
What is the billions digit of 1995616938?
1
What is the hundred thousands digit of 150215369?
2
What is the ten millions digit of 3318336361?
1
What is the hundreds digit of 1204663210?
2
What is the tens digit of 4131777644?
4
What is the tens digit of 87248553?
5
What is the units digit of 7924214?
4
What is the ten millions digit of 106974714?
0
What is the ten millions digit of 3984727553?
8
What is the units digit of 112107931?
1
What is the thousands digit of 1185812776?
2
What is the ten thousands digit of 3322439819?
3
What is the hundred millions digit of 351967713?
3
What is the hundreds digit of 169625879?
8
What is the units digit of 46669982?
2
What is the hundred thousands digit of 5781356289?
3
What is the tens digit of 167706365?
6
What is the billions digit of 2631085803?
2
What is the hundred millions digit of 2410569016?
4
What is the hundred millions digit of 4089958266?
0
What is the tens digit of 57042451?
5
What is the units digit of 32129801?
1
What is the ten thousands digit of 9002971546?
7
What is the hundred millions digit of 122280398?
1
What is the ten millions digit of 37785118?
3
What is the hundred thousands digit of 105002672?
0
What is the hundred millions digit of 684167441?
6
What is the ten thousands digit of 57432242?
3
What is the hundred thousands digit of 1121765068?
7
What is the hundred millions digit of 140871709?
1
What is the billions digit of 3460531807?
3
What is the thousands digit of 3995513995?
3
What is the tens digit of 55219408?
0
What is the hundred thousands digit of 68928991?
9
What is the ten thousands digit of 38952544?
5
What is the ten millions digit of 224867353?
2
What is the billions digit of 3737268129?
3
What is the ten thousands digit of 1819225041?
2
What is the hundreds digit of 132222276?
2
What is the millions digit of 1179234815?
9
What is the ten thousands digit of 97982872?
8
What is the millions digit of 851387673?
1
What is the hundreds digit of 157968333?
3
What is the thousands digit of 468594777?
4
What is the millions digit of 55235976?
5
What is the thousands digit of 83125983?
5
What is the tens digit of 135031487?
8
What is the hundreds digit of 49566183?
1
What is the tens digit of 104203474?
7
What is the thousands digit of 30612864?
2
What is the hundred millions digit of 110467243?
1
What is the hundred millions digit of 499695353?
4
What is the ten millions digit of 133151832?
3
What is the hundred millions digit of 513206508?
5
What is the ten millions digit of 276079528?
7
What is the tens digit of 57695099?
9
What is the millions digit of 12570795?
2
What is the tens digit of 21298782?
8
What is the hundreds digit of 3805437540?
5
What is the units digit of 406438276?
6
What is the ten millions digit of 2912353279?
1
What is the hundred thousands digit of 709285052?
2
What is the tens digit of 1156086694?
9
What is the millions digit of 2203720176?
3
What is the tens digit of 15147378?
7
What is the mi